st the prime factors of d.
3, 41, 283
Let t(p) = 5*p**2 + 30*p - 112. List the prime factors of t(23).
11, 293
Let w(b) = b**3 + b**2 - 4*b + 2. Let j be w(1). Suppose 3*s + j*p - 16 = -2*p, -p + 17 = 3*s. Suppose -154 = s*u - 8*u. List the prime factors of u.
7, 11
Let d = -6508 - -15767. What are the prime factors of d?
47, 197
Let h be 2 + -1 + 3 + 8/8. Let z(o) = -o**3 + 6*o**2 - 6*o + 1. Let m be z(5). List the prime factors of 29/((m + 5)/h).
5, 29
List the prime factors of (16/(-10))/((-10431)/10425 - -1) - 3.
2777
Let a(x) = -x**3 + 21*x**2 + 24*x - 39. Let i be a(22). Suppose 11595 = 10*v + i*v. What are the prime factors of v?
773
Let i = 117 + -114. List the prime factors of (1 + (-5)/i)*(-39000)/20.
2, 5, 13
Let w(h) = 18*h**3 + h**2 - 3*h - 3. Let j be w(4). Suppose -a - j = -4*m, a + 2 = 1. Suppose 4*p - 6*p = -m. What are the prime factors of p?
2, 3
Suppose t + a - 292 = 0, t - 49*a + 53*a = 283. What are the prime factors of t?
5, 59
Let b = 20303 + -8678. List the prime factors of b.
3, 5, 31
Let x(v) = 2*v + 11. Let h be x(-5). List the prime factors of 27/(-81)*(-1263)/h.
421
Suppose 5*d - 13 = -4*c, -5*d + 3 - 4 = -3*c. What are the prime factors of (-4230)/(-12) - (-1)/c?
353
List the prime factors of (-440)/200 + 106951/5.
2, 5347
Let j(c) = -47*c - 571. List the prime factors of j(-40).
7, 11, 17
Let u = 17488 + -1246. What are the prime factors of u?
2, 3, 2707
List the prime factors of (-8486)/(12/78*-1 - 4/312).
2, 3, 4243
Suppose j - 638 = -v + 1111, -4*j = -4*v - 6988. List the prime factors of j.
2, 19, 23
Let z(g) = -736*g - 2319. List the prime factors of z(-7).
2833
Let a = -3 - -9. Let j(l) = -9*l**2 - 9*l + 3. Let c(q) = 10*q**2 + 10*q - 2. Let w(k) = -6*c(k) - 7*j(k). List the prime factors of w(a).
3, 13
Suppose 2*m + 39 = 4*v + 17, -4*m = -5*v + 29. List the prime factors of (2 - 0)*((-1107)/(-6) - m).
7, 53
Suppose -4*z - g - 41 = 0, -4*z - 13*g + 9*g = 32. Let u(a) = -54*a + 69. List the prime factors of u(z).
3, 13, 17
Let m be -3 + 15/(-3) + 131. Let d = m + -175. Let p = d + 237. List the prime factors of p.
5, 37
What are the prime factors of 982549/(-290)*-10 - (3 - -1)?
19, 1783
Let c(x) be the first derivative of 28*x**4 + x**3/3 - x**2/2 + x + 46. Let u = 9 - 8. List the prime factors of c(u).
113
Suppose 2*l = -5*o + 10, 0*o = -2*o + 2*l + 18. List the prime factors of (16/(-3))/(o/(-72)).
2, 3
What are the prime factors of (-1169)/(-2)*((-12760)/(-70))/29?
2, 11, 167
Let c(l) = l**2 + 7*l + 19. Let t be 0/((-2 + -1)*-1). Suppose t = -p + 3, 5*m + 52 = -p + 5*p. List the prime factors of c(m).
3
Suppose -17*h - 7*h - 27912 = 0. Let y = 1638 + h. List the prime factors of y.
5, 19
Suppose -4*h = -8, -3*n - 655 = -2*h - 3*h. Let a = 699 + n. List the prime factors of a.
2, 11
Let k = 5719 + -1757. List the prime factors of k.
2, 7, 283
Let i = -9 + 8. Let d be 26 + -23 + i + 0. Suppose 0*n - a = d*n - 104, 2*a + 98 = 2*n. List the prime factors of n.
3, 17
Let b(f) = -7*f - 2*f**3 + 7*f**2 + f**3 - 11 + 10. Let v be b(5). Suppose 0 = -4*d + 66 - v. What are the prime factors of d?
13
Let z be (-2)/(2291/(-763) + 3). Suppose -z - 1032 = -5*j. List the prime factors of j.
359
Let f = -71 - -73. Suppose -4*r + 51 = -3*u + 10, 48 = f*r + 4*u. Suppose -5*x = -2*c - r, -x + 26 = 4*x + 2*c. What are the prime factors of x?
2
Let s(u) = u**2 + 7*u - 3. Let k be s(-8). Suppose -3*f + 4*m = -629, -441 = -2*f - k*m + 9. Suppose -f = -4*v - 35. What are the prime factors of v?
3, 5
What are the prime factors of ((-31748)/(-10))/((-28)/(-70))?
7937
Let h(k) be the second derivative of -k**5/20 + k**4/2 - k**3/2 - 5*k**2 + 5*k. Let u be h(5). Suppose u = -2*i + i + 204. What are the prime factors of i?
2, 3, 17
Let s(a) = -3*a - 8 + 11 + 5*a**2 - 4*a**2 + 4*a**2 + 2*a**2. Let v = -3 + 0. List the prime factors of s(v).
3, 5
Let j(d) = 337*d**2 + 239*d - 479. What are the prime factors of j(2)?
3, 449
Let k(t) = -t**3 + 4*t**2 + 5*t. Let c be k(5). Suppose c = -0*m + 3*m - 3. What are the prime factors of 16 + m - (29 + -25)?
13
Let l(q) = 6*q**2 - 7*q + 45. Let m be l(7). Let o = 497 - m. What are the prime factors of o?
3, 23
Let h = -28 - -42. Let z be (h + 0)*(-6)/(-6). List the prime factors of 3306/42 + 4/z.
79
Suppose 3*r - 3*w - 15 = 6*r, -3*r - 17 = 4*w. Let s(v) = -2*v - 3. Let q be s(r). Suppose -3 + 1 = 2*x, u + q*x - 58 = 0. List the prime factors of u.
61
Let n(i) = -7*i - 61. Let b be n(-11). Suppose b*v - 8904 - 904 = 0. List the prime factors of v.
613
What are the prime factors of (-6 - (-42)/(-15))*2525/(-10)?
2, 11, 101
What are the prime factors of ((-400)/(-140))/((-4)/(-3122))?
2, 5, 223
Suppose -5*o - 4*r = -34, -7 - 3 = -2*o + 2*r. Suppose a - 4*c - 14 = -o*c, 0 = -5*a + 3*c + 44. What are the prime factors of a?
2, 5
Suppose 2*v = 418 + 436. Suppose 4*a = -2*c + 282, -7*c + 4*c - 5*a + v = 0. Suppose -3*o - m = -0*o - 143, 0 = 3*o + 4*m - c. What are the prime factors of o?
47
Let u(h) = 1. Let g(c) = -10*c - 19. Let k(o) = -2*g(o) + 6*u(o). List the prime factors of k(9).
2, 7
Let g(d) = -d**3 + 14*d**2 + 12*d + 13. What are the prime factors of g(6)?
373
Suppose -5*a + 3*q + 251 = 0, 2*a - 30 - 78 = 5*q. Let k = -45 + a. Suppose -2*t - 55 = -3*t + 3*o, k*o + 220 = 4*t. List the prime factors of t.
5, 11
Let f(s) be the third derivative of s**6/36 - s**5/120 - s**4/4 + 4*s**3/3 + 2*s**2. Let d(y) be the first derivative of f(y). List the prime factors of d(-3).
3, 29
Let i = 72 - 165. Let c = i - -95. Suppose -c*q = -4*p + 574, p + p - 2*q - 288 = 0. List the prime factors of p.
11, 13
Let v = 31025 + -18426. What are the prime factors of v?
43, 293
Suppose 0 = 15*l + 3*l - 235154 - 213964. What are the prime factors of l?
3, 8317
Let o = 64391 + -41937. What are the prime factors of o?
2, 103, 109
Let y(i) = -3 - i + 17*i - 8*i - 10*i. Let h be y(-12). Suppose 2*l + 262 = 2*d, -4*l + h - 149 = -d. List the prime factors of d.
2, 3, 11
Suppose 5*k + 3 + 12 = 5*y, 2*y - 6 = -2*k. What are the prime factors of 6 - (-122 - (2 - k))?
2, 5, 13
Suppose -5*x + 2*b = -163017, -13*x - 97811 = -16*x + 2*b. List the prime factors of x.
32603
List the prime factors of (-35)/((-1680)/552852)*(-8)/(-6).
3, 5119
List the prime factors of (-20824)/(-6)*(-18)/240*-60.
2, 3, 19, 137
Suppose 3*p = 2*g - 7041, 2*g - 32*p = -37*p + 7049. What are the prime factors of g?
2, 3, 587
Let n(l) = l**2 - 22. Let z be n(5). Suppose -z*a = -13*a - 450. Let d = a - -73. What are the prime factors of d?
2, 7
Let n(z) = 3*z**2 + 55*z + 68. Let p be n(-29). Let t = p + -60. What are the prime factors of t?
2, 3, 13
Let f(t) = t**3 + 26*t**2 + 14*t + 45. Suppose 151 = -15*o - 224. What are the prime factors of f(o)?
2, 5
Let g = 138977 - 75795. List the prime factors of g.
2, 7, 4513
List the prime factors of (6/8)/((-10)/(-1535920)*2).
3, 73, 263
Let o be 4*(-4)/10*10/2. Let j(u) = -83*u - 126. List the prime factors of j(o).
2, 269
Suppose -2*s + 3*z = 87, 14*s + z = 12*s - 107. Let j(g) = -g**2 - 15*g - 12. Let i be j(-11). Let l = i - s. List the prime factors of l.
83
Let w = 66 + -57. Suppose 0 = -w*l + 2*l + 1890. Suppose 4*q - 18 = l. List the prime factors of q.
2, 3
Suppose 203 = -239*i + 232*i. List the prime factors of ((-84)/(-5) - -2)*(-24 - i).
2, 47
Let v be 0 - (1 + -1) - 2325/(-3). Let w = -277 + v. List the prime factors of w.
2, 3, 83
List the prime factors of -5*(72/(-10))/((-82)/(-9717)).
2, 3, 79
Let z(r) = 1757*r + 4200. List the prime factors of z(11).
7, 3361
Let n be ((-5)/8)/(2110/(-20256)). Let b be 1 + (-3)/((-3)/38). List the prime factors of -3 - 1 - -16*b/n.
2, 5
Let g(r) be the second derivative of 6*r**2 - 23/6*r**3 - 45*r + 0. What are the prime factors of g(-6)?
2, 3, 5
List the prime factors of (4934/(-4))/((-465)/930).
2467
Let s be (-2)/(-1 - 5/(-15)). Suppose -5*t - f + 2468 = 707, 0 = t + s*f - 355. List the prime factors of t.
2, 11
Let i be -1*(-15 + 0/5). Suppose 178*v = 177*v + i. What are the prime factors of ((-596)/10)/((-6)/v)?
149
Suppose 31 = -o + 33. Suppose -y - 1225 = -3*q, 0 = -4*q + o*y + 1873 - 243. List the prime factors of q.
2, 5, 41
Let g(h) = -2*h - 35. Let x be g(-13). Let t(f) = -23*f**2 - 8*f - 5. Let d be t(7). List the prime factors of d/x*(-2)/(-6